p and t?
24
Let r be 79 - (88 + (-97 - -68)). Suppose 2*l + 1 = 3*l. Suppose l = m - 9. What is the highest common divisor of r and m?
10
Suppose -18 = -3*c - q + 55, 3*c - 5*q - 103 = 0. Let v be ((-13)/c)/(1/(-88)) - -1. What is the highest common factor of 495 and v?
45
Let k be (-2)/(-7) - (-4)/(-14). Suppose k = 31*l - 34*l + 27. Let y(d) = 4*d**2 + 4*d - 3. Let b be y(-4). What is the greatest common factor of b and l?
9
Let s(i) = 12*i**3 + 82*i**2 - 2*i + 100. Let u be s(-7). Calculate the greatest common divisor of u and 90.
2
Suppose 0 = 2*q - 13*x + 16*x - 4117, 5*q = -2*x + 10287. What is the highest common factor of q and 153?
17
Let c(s) = 10*s**2 - 2*s - 2. Let v be c(-2). Let t = 8987 + -8294. Calculate the greatest common factor of t and v.
21
Suppose -5 = 5*n - 0*n, 4*m + n = 127. Let q(o) = m - 8*o + 8*o - 6*o. Let b be q(5). Calculate the greatest common divisor of b and 8.
2
Suppose 14*y + 11306 - 12398 = 0. What is the greatest common divisor of 1131 and y?
39
Let c(a) = a**3 - 26*a**2 + 4*a + 8. Suppose -2*u + 12*u = 260. Let v be c(u). What is the greatest common divisor of 16 and v?
16
Let h = 69 + 105. Suppose 6*t - h = -144. What is the highest common factor of t and 115?
5
Let m = 7931 + -5031. Calculate the highest common factor of 29 and m.
29
Suppose 110*p + 3132 = 4570 + 4392. What is the highest common factor of 5141 and p?
53
Let u(i) = 1320*i + 1085. Let x be u(5). What is the greatest common factor of x and 145?
145
Suppose 49*b - 97753 = 11125. What is the greatest common divisor of b and 572?
22
Let i be (-36 - (-198 - 17)) + (-16)/2. What is the highest common factor of 2451 and i?
57
Let h be -1 - -3 - (0 + 0). Let r(y) = y + 6. Let z be r(-2). Suppose 0 = -5*w + 6 + z. Calculate the greatest common divisor of w and h.
2
Let j(b) = -b**2 + 537*b + 7720. Let y be j(-14). Suppose 3 = w + 1. What is the highest common divisor of w and y?
2
Let s = 245 + -245. Suppose s = -13*t + 3902 - 717. What is the highest common divisor of 35 and t?
35
Let l = -8329 + 8389. Calculate the highest common factor of 160 and l.
20
Suppose 0 = -34*j + 10*j + 83376. Calculate the highest common divisor of j and 54.
18
Let k = -5763 - -5790. Let l be 9/6 - 15/(-2). Calculate the greatest common factor of l and k.
9
Let u(o) = o**2 - 20*o + 75. Let z be u(18). Calculate the highest common divisor of 15 and z.
3
Let m = 88 - 63. Let r(a) = a**3 + 5*a**2 + 6*a + 112. Let c be r(-6). Calculate the greatest common factor of m and c.
5
Let g = -38 + 57. Let s = 50999 - 50847. What is the highest common factor of g and s?
19
Let b be 331 + ((-2)/5 - 6/10). Suppose 3*s + b = -174. Let i be (-6)/12*s/2. What is the greatest common divisor of i and 294?
42
Let j be 334/(-3) + (-6)/(-18). Let l = 115 + j. Suppose -2*y + l*s = -24, -1 + 5 = y - 4*s. Calculate the greatest common factor of 10 and y.
10
Let b = 84 - -618. What is the greatest common factor of b and 36?
18
Let b be (69/12)/((-13)/(-6447 - 1)). What is the greatest common factor of 368 and b?
92
Let n(w) = w**3 + 9*w**2 + w - 52. Let m be n(-8). Suppose -3*f = -9*s + 4*s + 766, -614 = -m*s + 3*f. What is the greatest common divisor of s and 2?
2
Suppose 8 = 5*p + 4*f - 72, -5*p + 105 = -f. Let m be (16/p*-1)/((-8)/1920). Calculate the greatest common divisor of 12 and m.
12
Suppose 5684 = 18*k + 36*k + 4*k. Calculate the highest common factor of k and 784.
98
Let u(y) = 2*y**2 + 15*y - 55. Let v be u(3). Suppose v*n + 16500 = 41*n. Calculate the highest common divisor of n and 75.
25
Let x(d) = 6*d**2 + 19*d - 14. Let b be x(8). Suppose 65*t - 52*t - 234 = 0. Calculate the greatest common factor of t and b.
18
Let b be (-56)/140 + 1431/15. What is the greatest common divisor of 133 and b?
19
Let a be (-2 + -1210)*((-100)/3)/5. Calculate the greatest common factor of a and 80.
80
Suppose -3*w + 522 = 5*c, -206 - 320 = -5*c - 4*w. Suppose 0 = 68*i - 70*i + c. What is the greatest common factor of i and 68?
17
Let k be ((-4)/(-10))/(248/706180). What is the greatest common divisor of 536 and k?
67
Suppose -4*p + 12*o = 15*o + 7579, 3*p + 5*o = -5698. Let g = p + 2674. What is the highest common factor of g and 27?
27
Let g(u) = 160*u + 75. Let o(z) = 319*z + 143. Let v(f) = 11*g(f) - 6*o(f). Let y be v(-4). Calculate the highest common divisor of y and 106.
53
Let l(v) = -29*v**2 - v**3 + 5 + 66*v**2 - 34*v**2 + 3*v. Let h be l(-2). Suppose -3 = 4*t - h. What is the greatest common factor of 10 and t?
2
Suppose 4*s - 1095 = -5*k, 0 = k - 3 + 8. Calculate the highest common divisor of s and 640.
40
Let r = -447 - -227. Let h be 164/5 - 44/r. Suppose w = 3*q - 7, q + 16 = 3*q + 5*w. What is the greatest common divisor of q and h?
3
Let r(s) = s**2 - 73*s + 86. Let w be r(-13). What is the greatest common factor of w and 688?
172
Let z(x) = 2*x**3 - 5*x**2 + 4*x + 3. Let i be z(3). Suppose -i*y + 990 = -15*y. Let s = 5 + 5. What is the greatest common factor of s and y?
10
Let a(s) = 11*s**2 + 116*s - 992. Let t be a(8). What is the highest common factor of t and 520?
40
Suppose 53324 = 38*p - 148456. What is the greatest common divisor of p and 30?
30
Let n = 11 + -6. Suppose -5*s + 195 = -0*s - n*m, 4*m - 117 = -3*s. Let a(i) = i**2 - 12*i + 24. Let k be a(11). What is the highest common factor of s and k?
13
Suppose 2*j - 2*a = -6, -4*a + 3*a = 4*j + 12. Let b be (j - -3)*3/9. Let q be 48/1 + b/2. Calculate the greatest common divisor of q and 32.
16
Suppose -2*q - 6 - 24 = -4*h, -5*h - 2*q = -15. Suppose h*u = 2*u + u. Suppose u = 5*i - 610 + 235. Calculate the greatest common divisor of 30 and i.
15
Let w = 5446 - 5424. Suppose 3*d - 22 + 320 = 2*a, 3*a + 3*d = 417. Calculate the highest common divisor of w and a.
11
Let c be -4 + 1626 - (-4)/6*-3. What is the highest common divisor of 60 and c?
60
Let w be 68/(-442) + 212/26 + -1. Let j be -5*335/(-25) - w. Calculate the greatest common factor of 10 and j.
10
Suppose 57*q - 283*q + 74580 = 0. What is the greatest common divisor of 242 and q?
22
Suppose -s + 84 = 3*s. Suppose w = 6*w - 525. What is the greatest common factor of s and w?
21
Let y(u) = 542*u**3 - 2*u**2 - 3*u + 4. Let q be y(2). Calculate the highest common divisor of q and 42.
42
Suppose z - 178 = 2*p + 19, 6 = -3*p. Calculate the highest common divisor of z and 3281.
193
Let k = 4969 - 2954. What is the highest common factor of 65 and k?
65
Let m(c) = 483*c - 974. Let h be m(6). What is the highest common factor of h and 2368?
148
Suppose 201*z - 57157 = -241*z - 4117. Suppose -2*r - r = -72. Calculate the greatest common divisor of r and z.
24
Suppose 1190 = 3*v - 448. Suppose -3*l - 714 = -28*l + 8*l. What is the greatest common divisor of l and v?
42
Suppose -46355 + 169235 = 384*v. What is the highest common factor of v and 535?
5
Let i be ((-10)/5)/((-1)/112). Suppose -8*k - 914 = -106. Let b = k + 133. Calculate the highest common factor of b and i.
32
Suppose 121 = 5*m - 94. Let x = -31 + m. Let l be 13/(39/(-36)) - 9504/(-99). Calculate the greatest common divisor of x and l.
12
Let s = 41 + -2. Let p = -372 - 92. Let v = 516 + p. What is the highest common factor of v and s?
13
Let a = 165 + -27. Suppose a = 3*x + 4*c + c, -2*x + 85 = c. Let d = x + -22. What is the greatest common factor of d and 95?
19
Let h = 25 + 97. Suppose -42*c + 45*c - 915 = 0. What is the greatest common divisor of h and c?
61
Suppose 840 = 30*x + 180. Calculate the highest common divisor of 46 and x.
2
Suppose -2*a + 3*o = -1270, 640 = -3*a + 4*o + 2548. What is the highest common factor of 1794 and a?
46
Suppose -4*j + v = -7*j + 13, 2*j - 4*v = 4. Suppose -j*n = 77 - 137. Calculate the highest common divisor of 375 and n.
15
Let m be (29/((-1450)/(-2640)))/(((-36)/280)/(-3)). Calculate the highest common divisor of 16 and m.
16
Suppose -3*s + 5*z + 862 = 0, 12*s - 11*s = 3*z + 282. Let g = s - 260. What is the greatest common divisor of 4 and g?
2
Let b(r) = r**2 - r - 55. Suppose 35 = 20*a - 165. Let p be b(a). What is the highest common factor of 14 and p?
7
Suppose 2*a = 5 + 3. Suppose -5*v = -4*f - 172, 2*v + f = 3*v - 35. What is the greatest common divisor of v and a?
4
Let o(y) be the third derivative of y**5/30 + 53*y**4/24 + 10*y**3 + 5*y**2 - 5. Let w be o(-